22?
636
What is the remainder when 268869 is divided by 74?
27
What is the remainder when 1046969 is divided by 7171?
3
What is the remainder when 111360 is divided by 36898?
666
Calculate the remainder when 13943 is divided by 12967.
976
What is the remainder when 77405266 is divided by 177535?
6
Calculate the remainder when 1692696 is divided by 463.
431
Calculate the remainder when 25040652 is divided by 8346875.
27
What is the remainder when 7051 is divided by 6730?
321
What is the remainder when 15340744 is divided by 1141?
1140
What is the remainder when 2227367 is divided by 284?
239
What is the remainder when 101507515 is divided by 78?
31
What is the remainder when 4866530 is divided by 973304?
10
Calculate the remainder when 147767981 is divided by 2558.
2553
Calculate the remainder when 746714 is divided by 144.
74
What is the remainder when 29140 is divided by 67?
62
Calculate the remainder when 25887979 is divided by 649.
18
What is the remainder when 2459110 is divided by 14?
10
Calculate the remainder when 282671 is divided by 2912.
207
Calculate the remainder when 92811365 is divided by 2651753.
10
What is the remainder when 30159339 is divided by 7539830?
19
Calculate the remainder when 291038 is divided by 130.
98
Calculate the remainder when 40903 is divided by 12449.
3556
What is the remainder when 7179779 is divided by 28046?
3
What is the remainder when 20279257 is divided by 145?
137
Calculate the remainder when 15597955 is divided by 163.
159
What is the remainder when 1429587 is divided by 476444?
255
Calculate the remainder when 91722003 is divided by 13.
9
Calculate the remainder when 13540 is divided by 540.
40
What is the remainder when 6555188 is divided by 15139?
1
Calculate the remainder when 1287994 is divided by 2.
0
What is the remainder when 5298845 is divided by 18592?
125
Calculate the remainder when 1147808 is divided by 11592.
200
Calculate the remainder when 260048 is divided by 12842.
3208
Calculate the remainder when 10995446 is divided by 718.
712
What is the remainder when 292266 is divided by 1194?
930
What is the remainder when 13786930 is divided by 49?
45
What is the remainder when 437460427 is divided by 21?
19
What is the remainder when 2251528 is divided by 310?
308
Calculate the remainder when 4123495 is divided by 26.
25
Calculate the remainder when 2348758 is divided by 755.
708
What is the remainder when 450326 is divided by 2731?
2442
What is the remainder when 17243328 is divided by 5747685?
273
Calculate the remainder when 78093 is divided by 10816.
2381
Calculate the remainder when 527642 is divided by 26.
24
Calculate the remainder when 14320490 is divided by 77408.
10
Calculate the remainder when 835028 is divided by 2478.
2420
What is the remainder when 51212 is divided by 269?
102
What is the remainder when 191362222 is divided by 3021?
3019
What is the remainder when 152174 is divided by 38026?
70
Calculate the remainder when 34039213 is divided by 105.
103
What is the remainder when 52661967 is divided by 2623?
2619
Calculate the remainder when 123141 is divided by 1743.
1131
What is the remainder when 427857 is divided by 84903?
3342
Calculate the remainder when 13993377 is divided by 3305.
7
Calculate the remainder when 7258123 is divided by 49.
47
What is the remainder when 4498553 is divided by 71?
64
Calculate the remainder when 138061 is divided by 8027.
1602
What is the remainder when 66744837 is divided by 3963?
3954
Calculate the remainder when 65722 is divided by 10688.
1594
Calculate the remainder when 12975688 is divided by 637.
635
What is the remainder when 249540 is divided by 4009?
982
Calculate the remainder when 1805816 is divided by 1301.
28
What is the remainder when 1912160 is divided by 496?
80
Calculate the remainder when 3897895 is divided by 1239.
1
What is the remainder when 7018137 is divided by 382?
33
What is the remainder when 1199635 is divided by 20683?
21
What is the remainder when 92792 is divided by 853?
668
Calculate the remainder when 80020 is divided by 4735.
4260
Calculate the remainder when 342161 is divided by 1347.
23
What is the remainder when 245238 is divided by 1962?
1950
Calculate the remainder when 213604 is divided by 201.
142
What is the remainder when 26534735 is divided by 2151?
2150
Calculate the remainder when 169486 is divided by 3202.
2982
Calculate the remainder when 4083855 is divided by 16.
15
Calculate the remainder when 60341 is divided by 1038.
137
Calculate the remainder when 824145 is divided by 129.
93
Calculate the remainder when 1613437 is divided by 2645.
2632
Calculate the remainder when 81231169 is divided by 1727.
1724
What is the remainder when 6980217 is divided by 71?
65
What is the remainder when 5129330 is divided by 3431?
3416
What is the remainder when 299210 is divided by 149572?
66
Calculate the remainder when 107131957 is divided by 1428426.
7
What is the remainder when 160197885 is divided by 64?
61
What is the remainder when 935436 is divided by 4233?
4176
Calculate the remainder when 437483 is divided by 5358.
3485
Calculate the remainder when 82711 is divided by 13783.
13
What is the remainder when 35428138 is divided by 5?
3
Calculate the remainder when 8550074 is divided by 10.
4
What is the remainder when 11125459 is divided by 84?
79
Calculate the remainder when 108787 is divided by 1674.
1651
Calculate the remainder when 49821399 is divided by 16607132.
3
Calculate the remainder when 233556 is divided by 561.
180
Calculate the remainder when 19786 is divided by 1403.
144
Calculate the remainder when 21392 is divided by 7765.
5862
Calculate the remainder when 943283 is divided by 1995.
1643
Calculate the remainder when 62673406 is divided by 7504.
7502
What is the remainder when 3207982 is divided by 1830?
1822
Calculate the remainder when 613108 is divided by 68123.
1
Calculate the remainder when 14897752 is divided by 3304.
16
Calculate the remainder when 8360529 is divided by 1290.
39
What is the remainder when 297125236 is divided by 59?
56
Calculate the remainder when 1028470 is divided by 5651.
5639
What is the remainder when 239438 is divided by 305?
13
Calculate the remainder when 60841679 is divided by 16.
15
Calculate the remainder when 3656501 is divided by 1105.
56
Calculate the remainder when 786428 is divided by 306.
8
What is the remainder when 113864491 is divided by 20?
11
Calculate the remainder when 192852 is divided by 192566.
286
Calculate the remainder when 5413510 is divided by 89.
85
Calculate the remainder when 3691344 is divided by 450.
444
What is the remainder when 2296469 is divided by 248?
237
What is the remainder when 440247 is divided by 2295?
1902
What is the remainder when 1670846 is divided by 18556?
806
Calculate the remainder when 661964 is divided by 5338.
52
Calculate the remainder when 169064 is divided by 69.
14
What is the remainder when 76527 is divided by 1120?
367
Calculate the remainder when 30699 is divided by 1215.
324
What is the remainder when 13982829 is divided by 42?
21
Calculate the remainder when 1832687 is divided by 10.
7
What is the remainder when 39449 is divided by 7829?
304
What is the remainder when 3473381 is divided by 1058?
1025
Calculate the remainder when 94309 is divided by 83.
21
Calculate the remainder when 2055518 is divided by 21.
17
What is the remainder when 19157284 is divided by 514?
504
Calculate the remainder when 224187044 is divided by 3.
2
What is the remainder when 422031 is divided by 1486?
7
Calculate the remainder when 27979954 is divided by 82.
78
What is the remainder when 59791308 is divided by 583?
577
What is the remainder when 1053131 is divided by 69?
53
Calculate the remainder when 1520253 is divided by 433.
423
What is the remainder when 22542956 is divided by 479637?
17
Calculate the remainder when 14807205 is divided by 26.
23
Calculate the remainder when 60151434 is divided by 121.
35
Calculate the remainder when 1579969661 is divided by 10744.
10741
What is the remainder when 53133 is divided by 597?
0
What is the remainder when 177686367 is divided by 1745?
1742
What is the remainder when 6296383 is divided by 9273?
16
Calculate the remainder when 58109356 is divided by 20.
16
Calculate t